[INFO] fetching crate tinybmp 0.3.0-alpha.1...
[INFO] building tinybmp-0.3.0-alpha.1 against master#ff34b919075f35a1787659e9c448a34b06bab8de for issue-85264
[INFO] extracting crate tinybmp 0.3.0-alpha.1 into /workspace/builds/worker-10/source
[INFO] validating manifest of crates.io crate tinybmp 0.3.0-alpha.1 on toolchain ff34b919075f35a1787659e9c448a34b06bab8de
[INFO] running `Command { std: "/workspace/cargo-home/bin/cargo" "+ff34b919075f35a1787659e9c448a34b06bab8de" "metadata" "--manifest-path" "Cargo.toml" "--no-deps", kill_on_drop: false }`
[INFO] started tweaking crates.io crate tinybmp 0.3.0-alpha.1
[INFO] removed 0 missing tests
[INFO] finished tweaking crates.io crate tinybmp 0.3.0-alpha.1
[INFO] tweaked toml for crates.io crate tinybmp 0.3.0-alpha.1 written to /workspace/builds/worker-10/source/Cargo.toml
[INFO] running `Command { std: "/workspace/cargo-home/bin/cargo" "+ff34b919075f35a1787659e9c448a34b06bab8de" "generate-lockfile" "--manifest-path" "Cargo.toml" "-Zno-index-update", kill_on_drop: false }`
[INFO] [stderr]     Blocking waiting for file lock on package cache
[INFO] running `Command { std: "/workspace/cargo-home/bin/cargo" "+ff34b919075f35a1787659e9c448a34b06bab8de" "fetch" "--manifest-path" "Cargo.toml", kill_on_drop: false }`
[INFO] [stderr]     Blocking waiting for file lock on package cache
[INFO] running `Command { std: "docker" "create" "-v" "/var/lib/crater-agent-workspace/builds/worker-10/target:/opt/rustwide/target:rw,Z" "-v" "/var/lib/crater-agent-workspace/builds/worker-10/source:/opt/rustwide/workdir:ro,Z" "-v" "/var/lib/crater-agent-workspace/cargo-home:/opt/rustwide/cargo-home:ro,Z" "-v" "/var/lib/crater-agent-workspace/rustup-home:/opt/rustwide/rustup-home:ro,Z" "-e" "SOURCE_DIR=/opt/rustwide/workdir" "-e" "CARGO_TARGET_DIR=/opt/rustwide/target" "-e" "CARGO_HOME=/opt/rustwide/cargo-home" "-e" "RUSTUP_HOME=/opt/rustwide/rustup-home" "-w" "/opt/rustwide/workdir" "-m" "1610612736" "--user" "0:0" "--network" "none" "ghcr.io/rust-lang/crates-build-env/linux@sha256:20528e8c29e4536546f0102ce88568b16ea7538393a33fcca951030f7af10457" "/opt/rustwide/cargo-home/bin/cargo" "+ff34b919075f35a1787659e9c448a34b06bab8de" "metadata" "--no-deps" "--format-version=1", kill_on_drop: false }`
[INFO] [stdout] 5eeb2c905b1819e24b1b6594da69ac7369cbd827a499f4d4afe48ae420d169cf
[INFO] [stderr] WARNING: Your kernel does not support swap limit capabilities or the cgroup is not mounted. Memory limited without swap.
[INFO] running `Command { std: "docker" "start" "-a" "5eeb2c905b1819e24b1b6594da69ac7369cbd827a499f4d4afe48ae420d169cf", kill_on_drop: false }`
[INFO] running `Command { std: "docker" "inspect" "5eeb2c905b1819e24b1b6594da69ac7369cbd827a499f4d4afe48ae420d169cf", kill_on_drop: false }`
[INFO] running `Command { std: "docker" "rm" "-f" "5eeb2c905b1819e24b1b6594da69ac7369cbd827a499f4d4afe48ae420d169cf", kill_on_drop: false }`
[INFO] [stdout] 5eeb2c905b1819e24b1b6594da69ac7369cbd827a499f4d4afe48ae420d169cf
[INFO] running `Command { std: "docker" "create" "-v" "/var/lib/crater-agent-workspace/builds/worker-10/target:/opt/rustwide/target:rw,Z" "-v" "/var/lib/crater-agent-workspace/builds/worker-10/source:/opt/rustwide/workdir:ro,Z" "-v" "/var/lib/crater-agent-workspace/cargo-home:/opt/rustwide/cargo-home:ro,Z" "-v" "/var/lib/crater-agent-workspace/rustup-home:/opt/rustwide/rustup-home:ro,Z" "-e" "SOURCE_DIR=/opt/rustwide/workdir" "-e" "CARGO_TARGET_DIR=/opt/rustwide/target" "-e" "CARGO_INCREMENTAL=0" "-e" "RUST_BACKTRACE=full" "-e" "RUSTFLAGS=--cap-lints=forbid" "-e" "CARGO_HOME=/opt/rustwide/cargo-home" "-e" "RUSTUP_HOME=/opt/rustwide/rustup-home" "-w" "/opt/rustwide/workdir" "-m" "1610612736" "--user" "0:0" "--network" "none" "ghcr.io/rust-lang/crates-build-env/linux@sha256:20528e8c29e4536546f0102ce88568b16ea7538393a33fcca951030f7af10457" "/opt/rustwide/cargo-home/bin/cargo" "+ff34b919075f35a1787659e9c448a34b06bab8de" "build" "--frozen" "--message-format=json", kill_on_drop: false }`
[INFO] [stdout] b6692620ea3d47158a31fb1591e87cd79ba4b2ce6eb6190b7dae2f17c55c57e3
[INFO] [stderr] WARNING: Your kernel does not support swap limit capabilities or the cgroup is not mounted. Memory limited without swap.
[INFO] running `Command { std: "docker" "start" "-a" "b6692620ea3d47158a31fb1591e87cd79ba4b2ce6eb6190b7dae2f17c55c57e3", kill_on_drop: false }`
[INFO] [stderr]    Compiling memchr v2.4.0
[INFO] [stderr]    Compiling byteorder v1.4.3
[INFO] [stderr]    Compiling nom v6.1.2
[INFO] [stderr]    Compiling embedded-graphics-core v0.1.1
[INFO] [stderr]    Compiling tinybmp v0.3.0-alpha.1 (/opt/rustwide/workdir)
[INFO] [stderr]     Finished dev [unoptimized + debuginfo] target(s) in 4.56s
[INFO] running `Command { std: "docker" "inspect" "b6692620ea3d47158a31fb1591e87cd79ba4b2ce6eb6190b7dae2f17c55c57e3", kill_on_drop: false }`
[INFO] running `Command { std: "docker" "rm" "-f" "b6692620ea3d47158a31fb1591e87cd79ba4b2ce6eb6190b7dae2f17c55c57e3", kill_on_drop: false }`
[INFO] [stdout] b6692620ea3d47158a31fb1591e87cd79ba4b2ce6eb6190b7dae2f17c55c57e3
[INFO] running `Command { std: "docker" "create" "-v" "/var/lib/crater-agent-workspace/builds/worker-10/target:/opt/rustwide/target:rw,Z" "-v" "/var/lib/crater-agent-workspace/builds/worker-10/source:/opt/rustwide/workdir:ro,Z" "-v" "/var/lib/crater-agent-workspace/cargo-home:/opt/rustwide/cargo-home:ro,Z" "-v" "/var/lib/crater-agent-workspace/rustup-home:/opt/rustwide/rustup-home:ro,Z" "-e" "SOURCE_DIR=/opt/rustwide/workdir" "-e" "CARGO_TARGET_DIR=/opt/rustwide/target" "-e" "CARGO_INCREMENTAL=0" "-e" "RUST_BACKTRACE=full" "-e" "RUSTFLAGS=--cap-lints=forbid" "-e" "CARGO_HOME=/opt/rustwide/cargo-home" "-e" "RUSTUP_HOME=/opt/rustwide/rustup-home" "-w" "/opt/rustwide/workdir" "-m" "1610612736" "--user" "0:0" "--network" "none" "ghcr.io/rust-lang/crates-build-env/linux@sha256:20528e8c29e4536546f0102ce88568b16ea7538393a33fcca951030f7af10457" "/opt/rustwide/cargo-home/bin/cargo" "+ff34b919075f35a1787659e9c448a34b06bab8de" "test" "--frozen" "--no-run" "--message-format=json", kill_on_drop: false }`
[INFO] [stdout] b5752eab3bbc3e7d879ceaed39e4d619c7a3f282a72611689c465592242d0ebc
[INFO] [stderr] WARNING: Your kernel does not support swap limit capabilities or the cgroup is not mounted. Memory limited without swap.
[INFO] running `Command { std: "docker" "start" "-a" "b5752eab3bbc3e7d879ceaed39e4d619c7a3f282a72611689c465592242d0ebc", kill_on_drop: false }`
[INFO] [stderr]    Compiling autocfg v1.0.1
[INFO] [stderr]    Compiling embedded-graphics-core v0.3.1
[INFO] [stderr]    Compiling num-traits v0.2.14
[INFO] [stderr]    Compiling float-cmp v0.8.0
[INFO] [stderr]    Compiling embedded-graphics v0.7.0-beta.2
[INFO] [stderr]    Compiling tinybmp v0.3.0-alpha.1 (/opt/rustwide/workdir)
[INFO] [stdout] error[E0277]: the trait bound `Rgb565: embedded_graphics_core::pixelcolor::PixelColor` is not satisfied
[INFO] [stdout]   --> tests/embedded_graphics.rs:13:9
[INFO] [stdout]    |
[INFO] [stdout] 13 |         Bmp::from_slice(include_bytes!("./chessboard-4px-color-16bit.bmp")).unwrap();
[INFO] [stdout]    |         ^^^^^^^^^^^^^^^ the trait `embedded_graphics_core::pixelcolor::PixelColor` is not implemented for `Rgb565`
[INFO] [stdout]    |
[INFO] [stdout]    = note: required by `Bmp::<'a, C>::from_slice`
[INFO] [stdout] 
[INFO] [stdout] 
[INFO] [stdout] error[E0277]: the trait bound `Bmp<'_, Rgb565>: embedded_graphics::image::ImageDrawable` is not satisfied
[INFO] [stdout]   --> tests/embedded_graphics.rs:14:17
[INFO] [stdout]    |
[INFO] [stdout] 14 |     let image = Image::new(&image, Point::zero()).translate(Point::new(-1, -1));
[INFO] [stdout]    |                 ^^^^^^^^^^ the trait `embedded_graphics::image::ImageDrawable` is not implemented for `Bmp<'_, Rgb565>`
[INFO] [stdout]    |
[INFO] [stdout]    = note: required by `Image::<'a, T>::new`
[INFO] [stdout] 
[INFO] [stdout] 
[INFO] [stdout] error[E0599]: no method named `bounding_box` found for struct `Image<'_, Bmp<'_, Rgb565>>` in the current scope
[INFO] [stdout]   --> tests/embedded_graphics.rs:17:15
[INFO] [stdout]    |
[INFO] [stdout] 17 |         image.bounding_box(),
[INFO] [stdout]    |               ^^^^^^^^^^^^ method not found in `Image<'_, Bmp<'_, Rgb565>>`
[INFO] [stdout] 
[INFO] [stdout] 
[INFO] [stdout] error[E0277]: the trait bound `Rgb565: embedded_graphics_core::pixelcolor::PixelColor` is not satisfied
[INFO] [stdout]   --> tests/embedded_graphics.rs:25:9
[INFO] [stdout]    |
[INFO] [stdout] 25 |         Bmp::from_slice(include_bytes!("./chessboard-4px-color-16bit.bmp")).unwrap();
[INFO] [stdout]    |         ^^^^^^^^^^^^^^^ the trait `embedded_graphics_core::pixelcolor::PixelColor` is not implemented for `Rgb565`
[INFO] [stdout]    |
[INFO] [stdout]    = note: required by `Bmp::<'a, C>::from_slice`
[INFO] [stdout] 
[INFO] [stdout] 
[INFO] [stdout] error[E0277]: the trait bound `Bmp<'_, Rgb565>: embedded_graphics::image::ImageDrawable` is not satisfied
[INFO] [stdout]   --> tests/embedded_graphics.rs:26:17
[INFO] [stdout]    |
[INFO] [stdout] 26 |     let image = Image::new(&image, Point::zero()).translate(Point::new(100, 200));
[INFO] [stdout]    |                 ^^^^^^^^^^ the trait `embedded_graphics::image::ImageDrawable` is not implemented for `Bmp<'_, Rgb565>`
[INFO] [stdout]    |
[INFO] [stdout]    = note: required by `Image::<'a, T>::new`
[INFO] [stdout] 
[INFO] [stdout] 
[INFO] [stdout] error[E0599]: no method named `bounding_box` found for struct `Image<'_, Bmp<'_, Rgb565>>` in the current scope
[INFO] [stdout]   --> tests/embedded_graphics.rs:29:15
[INFO] [stdout]    |
[INFO] [stdout] 29 |         image.bounding_box(),
[INFO] [stdout]    |               ^^^^^^^^^^^^ method not found in `Image<'_, Bmp<'_, Rgb565>>`
[INFO] [stdout] 
[INFO] [stdout] 
[INFO] [stdout] error[E0599]: the function or associated item `from_slice` exists for struct `Bmp<'_, C>`, but its trait bounds were not satisfied
[INFO] [stdout]   --> tests/embedded_graphics.rs:65:25
[INFO] [stdout]    |
[INFO] [stdout] 65 |     let bmp = Bmp::<C>::from_slice(data).unwrap();
[INFO] [stdout]    |                         ^^^^^^^^^^ function or associated item cannot be called on `Bmp<'_, C>` due to unsatisfied trait bounds
[INFO] [stdout]    |
[INFO] [stdout]    = note: the following trait bounds were not satisfied:
[INFO] [stdout]            `C: embedded_graphics_core::pixelcolor::PixelColor`
[INFO] [stdout] 
[INFO] [stdout] 
[INFO] [stdout] error[E0369]: binary operation `==` cannot be applied to type `MockDisplay<_>`
[INFO] [stdout]   --> tests/embedded_graphics.rs:66:5
[INFO] [stdout]    |
[INFO] [stdout] 66 |     assert_eq!(draw_image(bmp), expected_image_color());
[INFO] [stdout]    |     ^^^^^^^^^^^^^^^^^^^^^^^^^^^^^^^^^^^^^^^^^^^^^^^^^^^^
[INFO] [stdout]    |     |
[INFO] [stdout]    |     MockDisplay<_>
[INFO] [stdout]    |     MockDisplay<_>
[INFO] [stdout]    |
[INFO] [stdout]    = note: this error originates in a macro (in Nightly builds, run with -Z macro-backtrace for more info)
[INFO] [stdout] 
[INFO] [stdout] 
[INFO] [stdout] error[E0277]: the trait bound `DynamicBmp<'_, _>: embedded_graphics::image::ImageDrawable` is not satisfied
[INFO] [stdout]   --> tests/embedded_graphics.rs:71:27
[INFO] [stdout]    |
[INFO] [stdout] 48 | fn draw_image<C, T>(image_drawable: T) -> MockDisplay<C>
[INFO] [stdout]    |    ---------- required by a bound in this
[INFO] [stdout] ...
[INFO] [stdout] 51 |     T: ImageDrawable<Color = C>,
[INFO] [stdout]    |        ------------------------ required by this bound in `draw_image`
[INFO] [stdout] ...
[INFO] [stdout] 71 |     assert_eq!(draw_image(bmp), expected_image_color::<Rgb565>());
[INFO] [stdout]    |                           ^^^ the trait `embedded_graphics::image::ImageDrawable` is not implemented for `DynamicBmp<'_, _>`
[INFO] [stdout] 
[INFO] [stdout] 
[INFO] [stdout] error[E0369]: binary operation `==` cannot be applied to type `MockDisplay<_>`
[INFO] [stdout]   --> tests/embedded_graphics.rs:71:5
[INFO] [stdout]    |
[INFO] [stdout] 71 |     assert_eq!(draw_image(bmp), expected_image_color::<Rgb565>());
[INFO] [stdout]    |     ^^^^^^^^^^^^^^^^^^^^^^^^^^^^^^^^^^^^^^^^^^^^^^^^^^^^^^^^^^^^^^
[INFO] [stdout]    |     |
[INFO] [stdout]    |     MockDisplay<_>
[INFO] [stdout]    |     MockDisplay<Rgb565>
[INFO] [stdout]    |
[INFO] [stdout]    = note: this error originates in a macro (in Nightly builds, run with -Z macro-backtrace for more info)
[INFO] [stdout] 
[INFO] [stdout] 
[INFO] [stdout] error[E0277]: the trait bound `DynamicBmp<'_, _>: embedded_graphics::image::ImageDrawable` is not satisfied
[INFO] [stdout]   --> tests/embedded_graphics.rs:74:27
[INFO] [stdout]    |
[INFO] [stdout] 48 | fn draw_image<C, T>(image_drawable: T) -> MockDisplay<C>
[INFO] [stdout]    |    ---------- required by a bound in this
[INFO] [stdout] ...
[INFO] [stdout] 51 |     T: ImageDrawable<Color = C>,
[INFO] [stdout]    |        ------------------------ required by this bound in `draw_image`
[INFO] [stdout] ...
[INFO] [stdout] 74 |     assert_eq!(draw_image(bmp), expected_image_color::<Rgb888>());
[INFO] [stdout]    |                           ^^^ the trait `embedded_graphics::image::ImageDrawable` is not implemented for `DynamicBmp<'_, _>`
[INFO] [stdout] 
[INFO] [stdout] 
[INFO] [stdout] error[E0369]: binary operation `==` cannot be applied to type `MockDisplay<_>`
[INFO] [stdout]   --> tests/embedded_graphics.rs:74:5
[INFO] [stdout]    |
[INFO] [stdout] 74 |     assert_eq!(draw_image(bmp), expected_image_color::<Rgb888>());
[INFO] [stdout]    |     ^^^^^^^^^^^^^^^^^^^^^^^^^^^^^^^^^^^^^^^^^^^^^^^^^^^^^^^^^^^^^^
[INFO] [stdout]    |     |
[INFO] [stdout]    |     MockDisplay<_>
[INFO] [stdout]    |     MockDisplay<Rgb888>
[INFO] [stdout]    |
[INFO] [stdout]    = note: this error originates in a macro (in Nightly builds, run with -Z macro-backtrace for more info)
[INFO] [stdout] 
[INFO] [stdout] 
[INFO] [stdout] error[E0277]: the trait bound `Gray8: embedded_graphics_core::pixelcolor::PixelColor` is not satisfied
[INFO] [stdout]    --> tests/embedded_graphics.rs:119:27
[INFO] [stdout]     |
[INFO] [stdout] 119 |     let bmp: Bmp<Gray8> = Bmp::from_slice(include_bytes!("./colors_grey8.bmp")).unwrap();
[INFO] [stdout]     |                           ^^^^^^^^^^^^^^^ the trait `embedded_graphics_core::pixelcolor::PixelColor` is not implemented for `Gray8`
[INFO] [stdout]     |
[INFO] [stdout]     = note: required by `Bmp::<'a, C>::from_slice`
[INFO] [stdout] 
[INFO] [stdout] 
[INFO] [stdout] error[E0277]: the trait bound `Bmp<'_, Gray8>: embedded_graphics::image::ImageDrawable` is not satisfied
[INFO] [stdout]    --> tests/embedded_graphics.rs:120:27
[INFO] [stdout]     |
[INFO] [stdout] 48  | fn draw_image<C, T>(image_drawable: T) -> MockDisplay<C>
[INFO] [stdout]     |    ---------- required by a bound in this
[INFO] [stdout] ...
[INFO] [stdout] 51  |     T: ImageDrawable<Color = C>,
[INFO] [stdout]     |        ------------------------ required by this bound in `draw_image`
[INFO] [stdout] ...
[INFO] [stdout] 120 |     assert_eq!(draw_image(bmp), expected_image_gray());
[INFO] [stdout]     |                           ^^^ the trait `embedded_graphics::image::ImageDrawable` is not implemented for `Bmp<'_, Gray8>`
[INFO] [stdout] 
[INFO] [stdout] 
[INFO] [stdout] error[E0369]: binary operation `==` cannot be applied to type `MockDisplay<_>`
[INFO] [stdout]    --> tests/embedded_graphics.rs:120:5
[INFO] [stdout]     |
[INFO] [stdout] 120 |     assert_eq!(draw_image(bmp), expected_image_gray());
[INFO] [stdout]     |     ^^^^^^^^^^^^^^^^^^^^^^^^^^^^^^^^^^^^^^^^^^^^^^^^^^^
[INFO] [stdout]     |     |
[INFO] [stdout]     |     MockDisplay<_>
[INFO] [stdout]     |     MockDisplay<Gray8>
[INFO] [stdout]     |
[INFO] [stdout]     = note: this error originates in a macro (in Nightly builds, run with -Z macro-backtrace for more info)
[INFO] [stdout] 
[INFO] [stdout] 
[INFO] [stdout] error[E0277]: the trait bound `DynamicBmp<'_, _>: embedded_graphics::image::ImageDrawable` is not satisfied
[INFO] [stdout]    --> tests/embedded_graphics.rs:126:43
[INFO] [stdout]     |
[INFO] [stdout] 48  | fn draw_image<C, T>(image_drawable: T) -> MockDisplay<C>
[INFO] [stdout]     |    ---------- required by a bound in this
[INFO] [stdout] ...
[INFO] [stdout] 51  |     T: ImageDrawable<Color = C>,
[INFO] [stdout]     |        ------------------------ required by this bound in `draw_image`
[INFO] [stdout] ...
[INFO] [stdout] 126 |     let display = draw_image::<Rgb565, _>(bmp);
[INFO] [stdout]     |                                           ^^^ the trait `embedded_graphics::image::ImageDrawable` is not implemented for `DynamicBmp<'_, _>`
[INFO] [stdout] 
[INFO] [stdout] 
[INFO] [stdout] error[E0369]: binary operation `==` cannot be applied to type `MockDisplay<Rgb565>`
[INFO] [stdout]    --> tests/embedded_graphics.rs:127:5
[INFO] [stdout]     |
[INFO] [stdout] 127 |     assert_eq!(display, expected_image_gray().map(|c| c.into()));
[INFO] [stdout]     |     ^^^^^^^^^^^^^^^^^^^^^^^^^^^^^^^^^^^^^^^^^^^^^^^^^^^^^^^^^^^^^
[INFO] [stdout]     |     |
[INFO] [stdout]     |     MockDisplay<Rgb565>
[INFO] [stdout]     |     MockDisplay<_>
[INFO] [stdout]     |
[INFO] [stdout]     = note: this error originates in a macro (in Nightly builds, run with -Z macro-backtrace for more info)
[INFO] [stdout] 
[INFO] [stdout] 
[INFO] [stdout] error[E0277]: the trait bound `DynamicBmp<'_, _>: embedded_graphics::image::ImageDrawable` is not satisfied
[INFO] [stdout]    --> tests/embedded_graphics.rs:130:43
[INFO] [stdout]     |
[INFO] [stdout] 48  | fn draw_image<C, T>(image_drawable: T) -> MockDisplay<C>
[INFO] [stdout]     |    ---------- required by a bound in this
[INFO] [stdout] ...
[INFO] [stdout] 51  |     T: ImageDrawable<Color = C>,
[INFO] [stdout]     |        ------------------------ required by this bound in `draw_image`
[INFO] [stdout] ...
[INFO] [stdout] 130 |     let display = draw_image::<Rgb888, _>(bmp);
[INFO] [stdout]     |                                           ^^^ the trait `embedded_graphics::image::ImageDrawable` is not implemented for `DynamicBmp<'_, _>`
[INFO] [stdout] 
[INFO] [stdout] 
[INFO] [stdout] error[E0369]: binary operation `==` cannot be applied to type `MockDisplay<Rgb888>`
[INFO] [stdout]    --> tests/embedded_graphics.rs:131:5
[INFO] [stdout]     |
[INFO] [stdout] 131 |     assert_eq!(display, expected_image_gray().map(|c| c.into()));
[INFO] [stdout]     |     ^^^^^^^^^^^^^^^^^^^^^^^^^^^^^^^^^^^^^^^^^^^^^^^^^^^^^^^^^^^^^
[INFO] [stdout]     |     |
[INFO] [stdout]     |     MockDisplay<Rgb888>
[INFO] [stdout]     |     MockDisplay<_>
[INFO] [stdout]     |
[INFO] [stdout]     = note: this error originates in a macro (in Nightly builds, run with -Z macro-backtrace for more info)
[INFO] [stdout] 
[INFO] [stdout] 
[INFO] [stdout] error[E0277]: the trait bound `Rgb565: embedded_graphics_core::pixelcolor::PixelColor` is not satisfied
[INFO] [stdout]    --> tests/embedded_graphics.rs:137:30
[INFO] [stdout]     |
[INFO] [stdout] 137 |     let image: Bmp<Rgb565> = Bmp::from_slice(include_bytes!("./issue_136.bmp")).unwrap();
[INFO] [stdout]     |                              ^^^^^^^^^^^^^^^ the trait `embedded_graphics_core::pixelcolor::PixelColor` is not implemented for `Rgb565`
[INFO] [stdout]     |
[INFO] [stdout]     = note: required by `Bmp::<'a, C>::from_slice`
[INFO] [stdout] 
[INFO] [stdout] 
[INFO] [stdout] error[E0277]: the trait bound `Bmp<'_, Rgb565>: embedded_graphics::image::ImageDrawable` is not satisfied
[INFO] [stdout]    --> tests/embedded_graphics.rs:138:17
[INFO] [stdout]     |
[INFO] [stdout] 138 |     let image = Image::new(&image, Point::zero());
[INFO] [stdout]     |                 ^^^^^^^^^^ the trait `embedded_graphics::image::ImageDrawable` is not implemented for `Bmp<'_, Rgb565>`
[INFO] [stdout]     |
[INFO] [stdout]     = note: required by `Image::<'a, T>::new`
[INFO] [stdout] 
[INFO] [stdout] 
[INFO] [stdout] error[E0599]: the method `draw` exists for struct `Image<'_, Bmp<'_, Rgb565>>`, but its trait bounds were not satisfied
[INFO] [stdout]    --> tests/embedded_graphics.rs:141:11
[INFO] [stdout]     |
[INFO] [stdout] 141 |     image.draw(&mut display).unwrap();
[INFO] [stdout]     |           ^^^^ method cannot be called on `Image<'_, Bmp<'_, Rgb565>>` due to unsatisfied trait bounds
[INFO] [stdout]     | 
[INFO] [stdout]    ::: /opt/rustwide/cargo-home/registry/src/github.com-1ecc6299db9ec823/embedded-graphics-0.7.0-beta.2/src/image/mod.rs:135:1
[INFO] [stdout]     |
[INFO] [stdout] 135 | pub struct Image<'a, T> {
[INFO] [stdout]     | -----------------------
[INFO] [stdout]     | |
[INFO] [stdout]     | doesn't satisfy `<_ as Iterator>::Item = Pixel<_>`
[INFO] [stdout]     | doesn't satisfy `Image<'_, Bmp<'_, Rgb565>>: Iterator`
[INFO] [stdout]     | doesn't satisfy `_: embedded_graphics::Drawable`
[INFO] [stdout]     | doesn't satisfy `_: embedded_graphics::iterator::PixelIteratorExt<_>`
[INFO] [stdout]     | 
[INFO] [stdout]    ::: /opt/rustwide/workdir/src/lib.rs:131:1
[INFO] [stdout]     |
[INFO] [stdout] 131 | pub struct Bmp<'a, C> {
[INFO] [stdout]     | --------------------- doesn't satisfy `_: embedded_graphics::image::ImageDrawable`
[INFO] [stdout]     |
[INFO] [stdout]     = note: the following trait bounds were not satisfied:
[INFO] [stdout]             `<Image<'_, Bmp<'_, Rgb565>> as Iterator>::Item = Pixel<_>`
[INFO] [stdout]             which is required by `Image<'_, Bmp<'_, Rgb565>>: embedded_graphics::iterator::PixelIteratorExt<_>`
[INFO] [stdout]             `Image<'_, Bmp<'_, Rgb565>>: Iterator`
[INFO] [stdout]             which is required by `Image<'_, Bmp<'_, Rgb565>>: embedded_graphics::iterator::PixelIteratorExt<_>`
[INFO] [stdout]             `<&Image<'_, Bmp<'_, Rgb565>> as Iterator>::Item = Pixel<_>`
[INFO] [stdout]             which is required by `&Image<'_, Bmp<'_, Rgb565>>: embedded_graphics::iterator::PixelIteratorExt<_>`
[INFO] [stdout]             `&Image<'_, Bmp<'_, Rgb565>>: Iterator`
[INFO] [stdout]             which is required by `&Image<'_, Bmp<'_, Rgb565>>: embedded_graphics::iterator::PixelIteratorExt<_>`
[INFO] [stdout]             `Bmp<'_, Rgb565>: embedded_graphics::image::ImageDrawable`
[INFO] [stdout]             which is required by `Image<'_, Bmp<'_, Rgb565>>: embedded_graphics::Drawable`
[INFO] [stdout]             `<&mut Image<'_, Bmp<'_, Rgb565>> as Iterator>::Item = Pixel<_>`
[INFO] [stdout]             which is required by `&mut Image<'_, Bmp<'_, Rgb565>>: embedded_graphics::iterator::PixelIteratorExt<_>`
[INFO] [stdout]             `&mut Image<'_, Bmp<'_, Rgb565>>: Iterator`
[INFO] [stdout]             which is required by `&mut Image<'_, Bmp<'_, Rgb565>>: embedded_graphics::iterator::PixelIteratorExt<_>`
[INFO] [stdout] 
[INFO] [stdout] 
[INFO] [stdout] error[E0369]: binary operation `==` cannot be applied to type `MockDisplay<_>`
[INFO] [stdout]    --> tests/embedded_graphics.rs:143:5
[INFO] [stdout]     |
[INFO] [stdout] 143 |       assert_eq!(
[INFO] [stdout]     |  _____^
[INFO] [stdout]     | |_____|
[INFO] [stdout]     | |
[INFO] [stdout] 144 | |         display,
[INFO] [stdout] 145 | |         MockDisplay::from_pattern(&[
[INFO] [stdout] 146 | |             "WWWWKWWWW",
[INFO] [stdout] ...   |
[INFO] [stdout] 151 | |         ])
[INFO] [stdout] 152 | |     );
[INFO] [stdout]     | |      ^
[INFO] [stdout]     | |______|
[INFO] [stdout]     | |______MockDisplay<_>
[INFO] [stdout]     |        MockDisplay<_>
[INFO] [stdout]     |
[INFO] [stdout]     = note: this error originates in a macro (in Nightly builds, run with -Z macro-backtrace for more info)
[INFO] [stdout] 
[INFO] [stdout] 
[INFO] [stdout] error: aborting due to 23 previous errors
[INFO] [stdout] 
[INFO] [stdout] 
[INFO] [stdout] Some errors have detailed explanations: E0277, E0369, E0599.
[INFO] [stdout] 
[INFO] [stdout] For more information about an error, try `rustc --explain E0277`.
[INFO] [stdout] 
[INFO] [stderr] error: could not compile `tinybmp`
[INFO] [stderr] 
[INFO] [stderr] To learn more, run the command again with --verbose.
[INFO] [stderr] warning: build failed, waiting for other jobs to finish...
[INFO] [stderr] error: build failed
[INFO] running `Command { std: "docker" "inspect" "b5752eab3bbc3e7d879ceaed39e4d619c7a3f282a72611689c465592242d0ebc", kill_on_drop: false }`
[INFO] running `Command { std: "docker" "rm" "-f" "b5752eab3bbc3e7d879ceaed39e4d619c7a3f282a72611689c465592242d0ebc", kill_on_drop: false }`
[INFO] [stdout] b5752eab3bbc3e7d879ceaed39e4d619c7a3f282a72611689c465592242d0ebc
